{"id":8534,"date":"2023-08-25T09:43:40","date_gmt":"2023-08-25T09:43:40","guid":{"rendered":"https:\/\/barbacoas-argentinas.com\/non%20class\u00e9\/barbecue-maconne-prefabrique-binelli-2-su\/"},"modified":"2026-04-13T11:11:23","modified_gmt":"2026-04-13T11:11:23","slug":"barbecue-maconne-prefabrique-binelli-2-su","status":"publish","type":"product","link":"https:\/\/barbacoas-argentinas.com\/fr\/barbacoas-obra-mas-vendidas-fr\/barbecue-maconne-prefabrique-binelli-2-su\/","title":{"rendered":"Barbecue ma\u00e7onn\u00e9 Pr\u00e9fabriqu\u00e9 Binelli #2 SU"},"content":{"rendered":"<h2 class=\"Text3027143737__root Text3027143737---typography-11-runningText Text3027143737---priority-7-primary s8gg2 _149OH InfoSectionTitle3095652555__root\" aria-hidden=\"false\" data-hook=\"info-section-title\"><strong><span style=\"font-size: 14pt;\">NOTICE DE MONTAGE BINELLI N02<\/span><\/strong><\/h2>\n<div class=\"WncCi\" data-hook=\"info-section-description\">\n<p>Dimensions externes (LxlxH) : 1,26 x 0,75 x 2,60 m<\/p>\n<p>Dimensions internes (Lxl) : 1,05 x 0,62 m<\/p>\n<p>Dimensions utiles de la grille (Lxl) : 0,96 x 0,60 m<\/p>\n<p>Poids du produit (Brut) : 800 kg<\/p>\n<p>Avec foyer: Dimensions utiles de la grille avec foyer : 0,80 x 0,60 m Dimensions du foyer : 0,25 x 0,60 m<\/p>\n<p>_____________________________________<\/p>\n<p><a href=\"https:\/\/barbacoas-argentinas.com\/wp-content\/uploads\/2023\/08\/Instructivo-armado-MESADA-N02.pdf\" target=\"_blank\" rel=\"noopener\">Instructivo armado BINELLI N02 SU<\/a><\/p>\n<\/div>\n<p><iframe loading=\"lazy\" title=\"Premoldeada Binelli C\u00fabica N02 con Mesada z\" width=\"1080\" height=\"608\" src=\"https:\/\/www.youtube.com\/embed\/VtbTHGW9aQ4?feature=oembed\"  allow=\"accelerometer; autoplay; clipboard-write; encrypted-media; gyroscope; picture-in-picture; web-share\" referrerpolicy=\"strict-origin-when-cross-origin\" allowfullscreen><\/iframe><\/p>\n<p>Si vous recherchez un <strong>barbecue ma\u00e7onn\u00e9 compac<\/strong>t et fonctionnel, le Binelli #2 SU est le meilleur choix. Con\u00e7u pour les petits espaces, ce mod\u00e8le offre tous les avantages d&rsquo;un barbecue traditionnel dans un format ajust\u00e9.<\/p>\n<p>Gr\u00e2ce \u00e0 ses mat\u00e9riaux r\u00e9sistants et \u00e0 son montage simplifi\u00e9, il est id\u00e9al pour ceux qui souhaitent une solution rapide et \u00e9conomique sans sacrifier la qualit\u00e9. Son design <strong>moderne et robuste<\/strong> s&rsquo;adapte \u00e0 tous les styles de jardin ou de terrasse.<\/p>\n<p>Profitez de cette opportunit\u00e9 pour savourer un <strong>barbecue ma\u00e7onn\u00e9 \u00e9conomique<\/strong>, parfait pour les r\u00e9unions de famille en plein air.<\/p>\n","protected":false},"excerpt":{"rendered":"<p>Barbecues pr\u00e9fabriqu\u00e9s en b\u00e9ton, les parties expos\u00e9es aux temp\u00e9ratures du feu sont en mat\u00e9riau r\u00e9fractaire.<\/p>\n<p>\u00c9quip\u00e9s de grilles \u00e9maill\u00e9es mobiles en hauteur via un m\u00e9canisme \u00e0 manivelle et amovibles pour le nettoyage.<\/p>\n<p>Grilles en forme de V pour r\u00e9cup\u00e9rer les graisses dans le bac \u00e0 graisse avant amovible. Ce mod\u00e8le comprend 2 \u00e9l\u00e9ments de grille et permet l&rsquo;achat d&rsquo;un accessoire plancha pour l&rsquo;\u00e9changer avec un module de grille.<\/p>\n<p>Sur ce mod\u00e8le, vous pouvez utiliser des paellas de 70 cm de diam\u00e8tre.<\/p>\n<p>Ce mod\u00e8le int\u00e8gre un secteur pour le feu (DANS LES NOUVEAUX MOD\u00c8LES, S\u00c9PAR\u00c9 PAR UNE T\u00d4LE POUR GAGNER DE L&rsquo;ESPACE) o\u00f9 il est possible de placer du bois ou du charbon. Il propose en option des portes et des couvercles en inox ou noirs.<\/p>\n","protected":false},"featured_media":4607,"template":"","meta":{"_et_pb_use_builder":"","_et_pb_old_content":"","_et_gb_content_width":""},"product_brand":[],"product_cat":[264,261],"product_tag":[],"class_list":{"0":"post-8534","1":"product","2":"type-product","3":"status-publish","4":"has-post-thumbnail","6":"product_cat-barbacoas-obra-mas-vendidas-fr","7":"product_cat-barbecue-fixe","8":"product_shipping_class-barbecues-en-maconnerie-binelli-n-2-et-su","10":"first","11":"instock","12":"taxable","13":"shipping-taxable","14":"purchasable","15":"product-type-variable","16":"has-default-attributes"},"_links":{"self":[{"href":"https:\/\/barbacoas-argentinas.com\/fr\/wp-json\/wp\/v2\/product\/8534","targetHints":{"allow":["GET"]}}],"collection":[{"href":"https:\/\/barbacoas-argentinas.com\/fr\/wp-json\/wp\/v2\/product"}],"about":[{"href":"https:\/\/barbacoas-argentinas.com\/fr\/wp-json\/wp\/v2\/types\/product"}],"wp:featuredmedia":[{"embeddable":true,"href":"https:\/\/barbacoas-argentinas.com\/fr\/wp-json\/wp\/v2\/media\/4607"}],"wp:attachment":[{"href":"https:\/\/barbacoas-argentinas.com\/fr\/wp-json\/wp\/v2\/media?parent=8534"}],"wp:term":[{"taxonomy":"product_brand","embeddable":true,"href":"https:\/\/barbacoas-argentinas.com\/fr\/wp-json\/wp\/v2\/product_brand?post=8534"},{"taxonomy":"product_cat","embeddable":true,"href":"https:\/\/barbacoas-argentinas.com\/fr\/wp-json\/wp\/v2\/product_cat?post=8534"},{"taxonomy":"product_tag","embeddable":true,"href":"https:\/\/barbacoas-argentinas.com\/fr\/wp-json\/wp\/v2\/product_tag?post=8534"}],"curies":[{"name":"wp","href":"https:\/\/api.w.org\/{rel}","templated":true}]}}

https://barbacoas-argentinas.com/non%20classé/barbecue-maconne-prefabrique-binelli-2-su/

Barbecue maçonné Préfabriqué Binelli #2 SU

<h2 class="Text3027143737__root Text3027143737---typography-11-runningText Text3027143737---priority-7-primary s8gg2 _149OH InfoSectionTitle3095652555__root" aria-hidden="false" data-hook="info-section-title"><strong><span style="font-size: 14pt;">NOTICE DE MONTAGE BINELLI N02</span></strong></h2>
<div class="WncCi" data-hook="info-section-description">
<p>Dimensions externes (LxlxH) : 1,26 x 0,75 x 2,60 m</p>
<p>Dimensions internes (Lxl) : 1,05 x 0,62 m</p>
<p>Dimensions utiles de la grille (Lxl) : 0,96 x 0,60 m</p>
<p>Poids du produit (Brut) : 800 kg</p>
<p>Avec foyer: Dimensions utiles de la grille avec foyer : 0,80 x 0,60 m Dimensions du foyer : 0,25 x 0,60 m</p>
<p>_____________________________________</p>
<p><a href="https://barbacoas-argentinas.com/wp-content/uploads/2023/08/Instructivo-armado-MESADA-N02.pdf" target="_blank" rel="noopener">Instructivo armado BINELLI N02 SU</a></p>
</div>
<p><iframe loading="lazy" title="Premoldeada Binelli Cúbica N02 con Mesada z" width="1080" height="608" src="https://www.youtube.com/embed/VtbTHGW9aQ4?feature=oembed"  allow="accelerometer; autoplay; clipboard-write; encrypted-media; gyroscope; picture-in-picture; web-share" referrerpolicy="strict-origin-when-cross-origin" allowfullscreen></iframe></p>
<p>Si vous recherchez un <strong>barbecue maçonné compac</strong>t et fonctionnel, le Binelli #2 SU est le meilleur choix. Conçu pour les petits espaces, ce modèle offre tous les avantages d&rsquo;un barbecue traditionnel dans un format ajusté.</p>
<p>Grâce à ses matériaux résistants et à son montage simplifié, il est idéal pour ceux qui souhaitent une solution rapide et économique sans sacrifier la qualité. Son design <strong>moderne et robuste</strong> s&rsquo;adapte à tous les styles de jardin ou de terrasse.</p>
<p>Profitez de cette opportunité pour savourer un <strong>barbecue maçonné économique</strong>, parfait pour les réunions de famille en plein air.</p>

<p>Barbecues préfabriqués en béton, les parties exposées aux températures du feu sont en matériau réfractaire.</p>
<p>Équipés de grilles émaillées mobiles en hauteur via un mécanisme à manivelle et amovibles pour le nettoyage.</p>
<p>Grilles en forme de V pour récupérer les graisses dans le bac à graisse avant amovible. Ce modèle comprend 2 éléments de grille et permet l&rsquo;achat d&rsquo;un accessoire plancha pour l&rsquo;échanger avec un module de grille.</p>
<p>Sur ce modèle, vous pouvez utiliser des paellas de 70 cm de diamètre.</p>
<p>Ce modèle intègre un secteur pour le feu (DANS LES NOUVEAUX MODÈLES, SÉPARÉ PAR UNE TÔLE POUR GAGNER DE L&rsquo;ESPACE) où il est possible de placer du bois ou du charbon. Il propose en option des portes et des couvercles en inox ou noirs.</p>
