{"id":8481,"date":"2023-08-24T13:43:57","date_gmt":"2023-08-24T13:43:57","guid":{"rendered":"https:\/\/barbacoas-argentinas.com\/non%20class\u00e9\/barbecue-maconnee-prefabriquee-binelli-1\/"},"modified":"2026-04-11T15:40:55","modified_gmt":"2026-04-11T15:40:55","slug":"barbecue-maconnee-prefabriquee-binelli-1","status":"publish","type":"product","link":"https:\/\/barbacoas-argentinas.com\/fr\/barbacoas-obra-mas-vendidas-fr\/barbecue-maconnee-prefabriquee-binelli-1\/","title":{"rendered":"Barbecue ma\u00e7onn\u00e9e Pr\u00e9fabriqu\u00e9e Binelli #1"},"content":{"rendered":"<div class=\"_6s2bg fggS- cell\">\n<h2 class=\"Text3027143737__root Text3027143737---typography-11-runningText Text3027143737---priority-7-primary s8gg2 _149OH InfoSectionTitle3095652555__root\" aria-hidden=\"false\" data-hook=\"info-section-title\"><span style=\"font-size: 14pt;\"><strong>NOTICE DE MONTAGE BINELLI N02<\/strong><\/span><\/h2>\n<div class=\"WncCi\" data-hook=\"info-section-description\">\n<p>Dimensions Ext\u00e9rieures (L x P x H) : 1,01 x 0,73 x 2,60 m<\/p>\n<p>Dimensions Int\u00e9rieures (L x P) : 0,80 x 0,60 m<\/p>\n<p>Dimensions utiles de la grille (L x P) : 0,70 x 0,56 m<\/p>\n<p>Poids du produit (Brut) : 700 kg<\/p>\n<p>_______________________________<\/p>\n<\/div>\n<p><a href=\"https:\/\/barbacoas-argentinas.com\/wp-content\/uploads\/2023\/09\/Instructivo-armado-Parrilla-Premoldeada-N01.pdf\" target=\"_blank\" rel=\"noopener\">Notice de montage BINELLI N01<\/a><\/p>\n<p><iframe loading=\"lazy\" title=\"Armado Parrilla Binelli N01 z\" width=\"1080\" height=\"608\" src=\"https:\/\/www.youtube.com\/embed\/SedFpV1pt3E?feature=oembed\"  allow=\"accelerometer; autoplay; clipboard-write; encrypted-media; gyroscope; picture-in-picture; web-share\" referrerpolicy=\"strict-origin-when-cross-origin\" allowfullscreen><\/iframe><\/p>\n<p>La<strong> barbecue ma\u00e7onn\u00e9e pr\u00e9fabriqu\u00e9e Binelli #1<\/strong> est le choix parfait pour ceux qui recherchent une combinaison de design classique et de durabilit\u00e9. Parfaite pour les petits jardins ou les terrasses, ce barbecue se distingue par son montage facile et sa r\u00e9sistance aux intemp\u00e9ries.<br \/>\nGr\u00e2ce \u00e0 son design <strong>pr\u00e9fabriqu\u00e9<\/strong>, il garantit une installation rapide et sans complications.<br \/>\nDe plus, ses mat\u00e9riaux de haute qualit\u00e9 assurent une cuisson uniforme pour profiter pleinement de vos grillades en plein air.<\/p>\n<p>D\u00e9couvrez le confort et le style de cette <strong>barbecue ma\u00e7onn\u00e9e pour ext\u00e9rieur<\/strong>, con\u00e7ue pour s&rsquo;int\u00e9grer parfaitement dans n&rsquo;importe quel espace.<\/p>\n<\/div>\n","protected":false},"excerpt":{"rendered":"<div class=\"_6s2bg fggS- cell\">\n<p>D\u00e9couvrez le confort et le style de cette barbecue ma\u00e7onn\u00e9e pour ext\u00e9rieur, con\u00e7ue pour s&rsquo;int\u00e9grer parfaitement dans n&rsquo;importe quel espace.<\/p>\n<p>\u00c9quip\u00e9e de grilles \u00e9maill\u00e9es mobiles en hauteur via un m\u00e9canisme \u00e0 manivelle, d\u00e9montables pour le nettoyage.<\/p>\n<p>Grilles en forme de V pour r\u00e9cup\u00e9rer les graisses dans le r\u00e9cup\u00e9rateur de graisses frontal amovible. Ce mod\u00e8le comprend 2 \u00e9l\u00e9ments de grille et offre la possibilit\u00e9 d&rsquo;acheter l&rsquo;accessoire plaque de cuisson pour l&rsquo;\u00e9changer avec un module de grille. Il propose \u00e9galement l&rsquo;option de portes et de couvercles en inox ou noirs.<\/p>\n<p>Ce mod\u00e8le convient approximativement \u00e0 8\/10 personnes.<\/p>\n<\/div>\n","protected":false},"featured_media":7487,"template":"","meta":{"_et_pb_use_builder":"","_et_pb_old_content":"","_et_gb_content_width":""},"product_brand":[],"product_cat":[264,261],"product_tag":[],"class_list":{"0":"post-8481","1":"product","2":"type-product","3":"status-publish","4":"has-post-thumbnail","6":"product_cat-barbacoas-obra-mas-vendidas-fr","7":"product_cat-barbecue-fixe","8":"product_shipping_class-barbecue-en-maconnerie-binelli-n-1","10":"first","11":"instock","12":"taxable","13":"shipping-taxable","14":"purchasable","15":"product-type-variable","16":"has-default-attributes"},"_links":{"self":[{"href":"https:\/\/barbacoas-argentinas.com\/fr\/wp-json\/wp\/v2\/product\/8481","targetHints":{"allow":["GET"]}}],"collection":[{"href":"https:\/\/barbacoas-argentinas.com\/fr\/wp-json\/wp\/v2\/product"}],"about":[{"href":"https:\/\/barbacoas-argentinas.com\/fr\/wp-json\/wp\/v2\/types\/product"}],"wp:featuredmedia":[{"embeddable":true,"href":"https:\/\/barbacoas-argentinas.com\/fr\/wp-json\/wp\/v2\/media\/7487"}],"wp:attachment":[{"href":"https:\/\/barbacoas-argentinas.com\/fr\/wp-json\/wp\/v2\/media?parent=8481"}],"wp:term":[{"taxonomy":"product_brand","embeddable":true,"href":"https:\/\/barbacoas-argentinas.com\/fr\/wp-json\/wp\/v2\/product_brand?post=8481"},{"taxonomy":"product_cat","embeddable":true,"href":"https:\/\/barbacoas-argentinas.com\/fr\/wp-json\/wp\/v2\/product_cat?post=8481"},{"taxonomy":"product_tag","embeddable":true,"href":"https:\/\/barbacoas-argentinas.com\/fr\/wp-json\/wp\/v2\/product_tag?post=8481"}],"curies":[{"name":"wp","href":"https:\/\/api.w.org\/{rel}","templated":true}]}}

https://barbacoas-argentinas.com/non%20classé/barbecue-maconnee-prefabriquee-binelli-1/

Barbecue maçonnée Préfabriquée Binelli #1

<div class="_6s2bg fggS- cell">
<h2 class="Text3027143737__root Text3027143737---typography-11-runningText Text3027143737---priority-7-primary s8gg2 _149OH InfoSectionTitle3095652555__root" aria-hidden="false" data-hook="info-section-title"><span style="font-size: 14pt;"><strong>NOTICE DE MONTAGE BINELLI N02</strong></span></h2>
<div class="WncCi" data-hook="info-section-description">
<p>Dimensions Extérieures (L x P x H) : 1,01 x 0,73 x 2,60 m</p>
<p>Dimensions Intérieures (L x P) : 0,80 x 0,60 m</p>
<p>Dimensions utiles de la grille (L x P) : 0,70 x 0,56 m</p>
<p>Poids du produit (Brut) : 700 kg</p>
<p>_______________________________</p>
</div>
<p><a href="https://barbacoas-argentinas.com/wp-content/uploads/2023/09/Instructivo-armado-Parrilla-Premoldeada-N01.pdf" target="_blank" rel="noopener">Notice de montage BINELLI N01</a></p>
<p><iframe loading="lazy" title="Armado Parrilla Binelli N01 z" width="1080" height="608" src="https://www.youtube.com/embed/SedFpV1pt3E?feature=oembed"  allow="accelerometer; autoplay; clipboard-write; encrypted-media; gyroscope; picture-in-picture; web-share" referrerpolicy="strict-origin-when-cross-origin" allowfullscreen></iframe></p>
<p>La<strong> barbecue maçonnée préfabriquée Binelli #1</strong> est le choix parfait pour ceux qui recherchent une combinaison de design classique et de durabilité. Parfaite pour les petits jardins ou les terrasses, ce barbecue se distingue par son montage facile et sa résistance aux intempéries.<br />
Grâce à son design <strong>préfabriqué</strong>, il garantit une installation rapide et sans complications.<br />
De plus, ses matériaux de haute qualité assurent une cuisson uniforme pour profiter pleinement de vos grillades en plein air.</p>
<p>Découvrez le confort et le style de cette <strong>barbecue maçonnée pour extérieur</strong>, conçue pour s&rsquo;intégrer parfaitement dans n&rsquo;importe quel espace.</p>
</div>

<div class="_6s2bg fggS- cell">
<p>Découvrez le confort et le style de cette barbecue maçonnée pour extérieur, conçue pour s&rsquo;intégrer parfaitement dans n&rsquo;importe quel espace.</p>
<p>Équipée de grilles émaillées mobiles en hauteur via un mécanisme à manivelle, démontables pour le nettoyage.</p>
<p>Grilles en forme de V pour récupérer les graisses dans le récupérateur de graisses frontal amovible. Ce modèle comprend 2 éléments de grille et offre la possibilité d&rsquo;acheter l&rsquo;accessoire plaque de cuisson pour l&rsquo;échanger avec un module de grille. Il propose également l&rsquo;option de portes et de couvercles en inox ou noirs.</p>
<p>Ce modèle convient approximativement à 8/10 personnes.</p>
</div>
