{"id":8459,"date":"2023-08-25T10:17:33","date_gmt":"2023-08-25T10:17:33","guid":{"rendered":"https:\/\/barbacoas-argentinas.com\/non%20class\u00e9\/le-planchetta-combo-arrive-en-europe\/"},"modified":"2025-12-15T08:08:37","modified_gmt":"2025-12-15T08:08:37","slug":"le-planchetta-combo-arrive-en-europe","status":"publish","type":"product","link":"https:\/\/barbacoas-argentinas.com\/fr\/accessoires-pour-barbecue\/le-planchetta-combo-arrive-en-europe\/","title":{"rendered":"Le Planchetta Combo arrive en Europe !!!!"},"content":{"rendered":"<p>[et_pb_section fb_built=\u00a0\u00bb1&Prime; _builder_version=\u00a0\u00bb4.16&Prime; custom_padding=\u00a0\u00bb0px||||false|false\u00a0\u00bb global_colors_info=\u00a0\u00bb{}\u00a0\u00bb][et_pb_row _builder_version=\u00a0\u00bb4.16&Prime; background_size=\u00a0\u00bbinitial\u00a0\u00bb background_position=\u00a0\u00bbtop_left\u00a0\u00bb background_repeat=\u00a0\u00bbrepeat\u00a0\u00bb width=\u00a0\u00bb100%\u00a0\u00bb custom_padding=\u00a0\u00bb0px||0px||false|false\u00a0\u00bb global_colors_info=\u00a0\u00bb{}\u00a0\u00bb][et_pb_column type=\u00a0\u00bb4_4&Prime; _builder_version=\u00a0\u00bb4.16&Prime; custom_padding=\u00a0\u00bb|||\u00a0\u00bb global_colors_info=\u00a0\u00bb{}\u00a0\u00bb custom_padding__hover=\u00a0\u00bb|||\u00a0\u00bb][et_pb_wc_breadcrumb _builder_version=\u00a0\u00bb4.16&Prime; global_colors_info=\u00a0\u00bb{}\u00a0\u00bb][\/et_pb_wc_breadcrumb][et_pb_wc_cart_notice _builder_version=\u00a0\u00bb4.16&Prime; global_colors_info=\u00a0\u00bb{}\u00a0\u00bb][\/et_pb_wc_cart_notice][\/et_pb_column][\/et_pb_row][et_pb_row column_structure=\u00a0\u00bb1_2,1_2&Prime; _builder_version=\u00a0\u00bb4.16&Prime; background_size=\u00a0\u00bbinitial\u00a0\u00bb background_position=\u00a0\u00bbtop_left\u00a0\u00bb background_repeat=\u00a0\u00bbrepeat\u00a0\u00bb width=\u00a0\u00bb100%\u00a0\u00bb custom_padding=\u00a0\u00bb0px||||false|false\u00a0\u00bb global_colors_info=\u00a0\u00bb{}\u00a0\u00bb][et_pb_column type=\u00a0\u00bb1_2&Prime; _builder_version=\u00a0\u00bb4.16&Prime; custom_padding=\u00a0\u00bb|||\u00a0\u00bb global_colors_info=\u00a0\u00bb{}\u00a0\u00bb custom_padding__hover=\u00a0\u00bb|||\u00a0\u00bb][et_pb_wc_images _builder_version=\u00a0\u00bb4.16&Prime; global_colors_info=\u00a0\u00bb{}\u00a0\u00bb][\/et_pb_wc_images][\/et_pb_column][et_pb_column type=\u00a0\u00bb1_2&Prime; _builder_version=\u00a0\u00bb4.16&Prime; custom_padding=\u00a0\u00bb|||\u00a0\u00bb global_colors_info=\u00a0\u00bb{}\u00a0\u00bb custom_padding__hover=\u00a0\u00bb|||\u00a0\u00bb][et_pb_wc_title _builder_version=\u00a0\u00bb4.16&Prime; global_colors_info=\u00a0\u00bb{}\u00a0\u00bb][\/et_pb_wc_title][et_pb_wc_rating _builder_version=\u00a0\u00bb4.16&Prime; global_colors_info=\u00a0\u00bb{}\u00a0\u00bb][\/et_pb_wc_rating][et_pb_wc_price _builder_version=\u00a0\u00bb4.16&Prime; global_colors_info=\u00a0\u00bb{}\u00a0\u00bb][\/et_pb_wc_price][et_pb_wc_description _builder_version=\u00a0\u00bb4.16&Prime; global_colors_info=\u00a0\u00bb{}\u00a0\u00bb][\/et_pb_wc_description][et_pb_wc_add_to_cart _builder_version=\u00a0\u00bb4.16&Prime; global_colors_info=\u00a0\u00bb{}\u00a0\u00bb][\/et_pb_wc_add_to_cart][et_pb_wc_meta _builder_version=\u00a0\u00bb4.16&Prime; global_colors_info=\u00a0\u00bb{}\u00a0\u00bb][\/et_pb_wc_meta][\/et_pb_column][\/et_pb_row][et_pb_row _builder_version=\u00a0\u00bb4.16&Prime; background_size=\u00a0\u00bbinitial\u00a0\u00bb background_position=\u00a0\u00bbtop_left\u00a0\u00bb background_repeat=\u00a0\u00bbrepeat\u00a0\u00bb width=\u00a0\u00bb100%\u00a0\u00bb global_colors_info=\u00a0\u00bb{}\u00a0\u00bb][et_pb_column type=\u00a0\u00bb4_4&Prime; _builder_version=\u00a0\u00bb4.16&Prime; custom_padding=\u00a0\u00bb|||\u00a0\u00bb global_colors_info=\u00a0\u00bb{}\u00a0\u00bb custom_padding__hover=\u00a0\u00bb|||\u00a0\u00bb][et_pb_wc_tabs _builder_version=\u00a0\u00bb4.16&Prime; global_colors_info=\u00a0\u00bb{}\u00a0\u00bb] [\/et_pb_wc_tabs][et_pb_wc_upsells _builder_version=\u00a0\u00bb4.16&Prime; global_colors_info=\u00a0\u00bb{}\u00a0\u00bb][\/et_pb_wc_upsells][et_pb_wc_related_products _builder_version=\u00a0\u00bb4.16&Prime; global_colors_info=\u00a0\u00bb{}\u00a0\u00bb][\/et_pb_wc_related_products][\/et_pb_column][\/et_pb_row][\/et_pb_section]<\/p>\n","protected":false},"excerpt":{"rendered":"<p>Rendez votre Planchetta portable et emportez-la partout avec vous<br \/>\nPieds amovibles pour la Planchetta 2 feux.<br \/>\nIls sont faciles \u00e0 installer, rentrent dans votre PLANCHETTA et sont id\u00e9aux pour cuisiner au feu direct ou sur les braises, dans votre jardin, sur votre balcon ou lors de vos aventures en plein air !!!<br \/>\nPour \u00e9viter les br\u00fblures, les poign\u00e9es sont en bois dur, ce qui assure une bonne prise en main et une grande durabilit\u00e9.<br \/>\nElle est con\u00e7ue pour \u00e9vacuer l&rsquo;exc\u00e8s de vapeur et ainsi \u00e9viter que vos pr\u00e9parations ne bouillonnent.<br \/>\nLes couvercles sont fabriqu\u00e9s en aluminium, un mat\u00e9riau l\u00e9ger qui distribue parfaitement la chaleur. Comme la Planchetta, ils sont construits \u00e0 partir de mat\u00e9riaux 100 % recyclables et respectueux de l&rsquo;environnement. <\/p>\n","protected":false},"featured_media":5291,"template":"","meta":{"_et_pb_use_builder":"on","_et_pb_old_content":"Le combo est compos\u00e9 de :\n<ul>\n \t<li>1 (Une) Planchetta 2 feux<\/li>\n \t<li>1 (Une) Spatule<\/li>\n \t<li>1 (Un) jeu de pieds<\/li>\n \t<li>1 (Un) Jeu de couvercles (deux unit\u00e9s qui couvrent l'int\u00e9gralit\u00e9 de la planchetta 2 feux)<\/li>\n<\/ul>\nPlanchetta 2 feux\nLa Planchetta pour 2 feux est un \u00e9quipement de cuisine professionnel pour un usage domestique. Elle peut \u00eatre utilis\u00e9e sur tout type de source de chaleur (feu de gaz, plaque \u00e9lectrique, charbon, feu ouvert, etc.). Cuisinez de mani\u00e8re simple, rapide et \u00e9conomique.\nElle mesure 48 x 27,3 cm et 2,3 cm de haut. Elle couvre deux feux. Son \u00e9paisseur est de 2,5 mm. Id\u00e9ale pour une manipulation facile.\nLa Planchetta est en fer lamin\u00e9 \u00e0 chaud, ce qui fait que, contrairement \u00e0 d'autres produits, elle ne rayure pas, permettant l'utilisation d'une spatule m\u00e9tallique, et poss\u00e8de des propri\u00e9t\u00e9s anti-adh\u00e9sives naturelles.\nElle est facile \u00e0 laver et \u00e0 ranger. Pour le four, les cuisini\u00e8res \u00e0 gaz, \u00e9lectriques, le grill ou directement sur les braises et le feu ouvert !     \n\nEsp\u00e1tula La Planchetta\nEsp\u00e1tula de acero inoxidable profesional La Planchetta. Excelente dise\u00f1o para cocinar de forma pr\u00e1ctica cualquiera de tus comidas.\nEsp\u00e1tula de mango anat\u00f3mico, y \u00e1ngulos de 90\u00ba para facilitar llegar a todos los bordes c\u00f3modamente. \n\nCouvercle La Planchetta\nLe couvercle est en deux parties pour que vous puissiez sectoriser vos cuissons et l'utiliser alternativement sur une demi-Planchetta ou une Planchetta compl\u00e8te. Gr\u00e2ce \u00e0 son design pratique et tr\u00e8s l\u00e9ger, vous pourrez le faire glisser d'avant en arri\u00e8re tr\u00e8s facilement. ","_et_gb_content_width":""},"product_brand":[],"product_cat":[216],"product_tag":[],"class_list":{"0":"post-8459","1":"product","2":"type-product","3":"status-publish","4":"has-post-thumbnail","6":"product_cat-accessoires-pour-barbecue","7":"product_shipping_class-parrillas-para-barbacoa-85-y-105","9":"first","10":"instock","11":"taxable","12":"shipping-taxable","13":"purchasable","14":"product-type-simple"},"_links":{"self":[{"href":"https:\/\/barbacoas-argentinas.com\/fr\/wp-json\/wp\/v2\/product\/8459","targetHints":{"allow":["GET"]}}],"collection":[{"href":"https:\/\/barbacoas-argentinas.com\/fr\/wp-json\/wp\/v2\/product"}],"about":[{"href":"https:\/\/barbacoas-argentinas.com\/fr\/wp-json\/wp\/v2\/types\/product"}],"wp:featuredmedia":[{"embeddable":true,"href":"https:\/\/barbacoas-argentinas.com\/fr\/wp-json\/wp\/v2\/media\/5291"}],"wp:attachment":[{"href":"https:\/\/barbacoas-argentinas.com\/fr\/wp-json\/wp\/v2\/media?parent=8459"}],"wp:term":[{"taxonomy":"product_brand","embeddable":true,"href":"https:\/\/barbacoas-argentinas.com\/fr\/wp-json\/wp\/v2\/product_brand?post=8459"},{"taxonomy":"product_cat","embeddable":true,"href":"https:\/\/barbacoas-argentinas.com\/fr\/wp-json\/wp\/v2\/product_cat?post=8459"},{"taxonomy":"product_tag","embeddable":true,"href":"https:\/\/barbacoas-argentinas.com\/fr\/wp-json\/wp\/v2\/product_tag?post=8459"}],"curies":[{"name":"wp","href":"https:\/\/api.w.org\/{rel}","templated":true}]}}

https://barbacoas-argentinas.com/non%20classé/le-planchetta-combo-arrive-en-europe/

<p>Rendez votre Planchetta portable et emportez-la partout avec vous<br />
Pieds amovibles pour la Planchetta 2 feux.<br />
Ils sont faciles à installer, rentrent dans votre PLANCHETTA et sont idéaux pour cuisiner au feu direct ou sur les braises, dans votre jardin, sur votre balcon ou lors de vos aventures en plein air !!!<br />
Pour éviter les brûlures, les poignées sont en bois dur, ce qui assure une bonne prise en main et une grande durabilité.<br />
Elle est conçue pour évacuer l&rsquo;excès de vapeur et ainsi éviter que vos préparations ne bouillonnent.<br />
Les couvercles sont fabriqués en aluminium, un matériau léger qui distribue parfaitement la chaleur. Comme la Planchetta, ils sont construits à partir de matériaux 100 % recyclables et respectueux de l&rsquo;environnement. </p>

Le combo est composé de :
<ul>
 	<li>1 (Une) Planchetta 2 feux</li>
 	<li>1 (Une) Spatule</li>
 	<li>1 (Un) jeu de pieds</li>
 	<li>1 (Un) Jeu de couvercles (deux unités qui couvrent l'intégralité de la planchetta 2 feux)</li>
</ul>
Planchetta 2 feux
La Planchetta pour 2 feux est un équipement de cuisine professionnel pour un usage domestique. Elle peut être utilisée sur tout type de source de chaleur (feu de gaz, plaque électrique, charbon, feu ouvert, etc.). Cuisinez de manière simple, rapide et économique.
Elle mesure 48 x 27,3 cm et 2,3 cm de haut. Elle couvre deux feux. Son épaisseur est de 2,5 mm. Idéale pour une manipulation facile.
La Planchetta est en fer laminé à chaud, ce qui fait que, contrairement à d'autres produits, elle ne rayure pas, permettant l'utilisation d'une spatule métallique, et possède des propriétés anti-adhésives naturelles.
Elle est facile à laver et à ranger. Pour le four, les cuisinières à gaz, électriques, le grill ou directement sur les braises et le feu ouvert !     

Espátula La Planchetta
Espátula de acero inoxidable profesional La Planchetta. Excelente diseño para cocinar de forma práctica cualquiera de tus comidas.
Espátula de mango anatómico, y ángulos de 90º para facilitar llegar a todos los bordes cómodamente. 

Couvercle La Planchetta
Le couvercle est en deux parties pour que vous puissiez sectoriser vos cuissons et l'utiliser alternativement sur une demi-Planchetta ou une Planchetta complète. Grâce à son design pratique et très léger, vous pourrez le faire glisser d'avant en arrière très facilement.
