{"id":8299,"date":"2023-09-03T19:05:56","date_gmt":"2023-09-03T19:05:56","guid":{"rendered":"https:\/\/barbacoas-argentinas.com\/non%20class\u00e9\/grill-pro-85-avec-bucher-binelli\/"},"modified":"2025-12-18T00:28:17","modified_gmt":"2025-12-18T00:28:17","slug":"grill-pro-85-avec-bucher-binelli","status":"publish","type":"product","link":"https:\/\/barbacoas-argentinas.com\/fr\/barbecues-portatifs\/grill-pro-85-avec-bucher-binelli\/","title":{"rendered":"Grill PRO 85 avec b\u00fbcher Binelli"},"content":{"rendered":"<div class=\"_6s2bg fggS- cell\">\n<h2 class=\"Text3027143737__root Text3027143737---typography-11-runningText Text3027143737---priority-7-primary s8gg2 _149OH InfoSectionTitle3095652555__root\" aria-hidden=\"false\" data-hook=\"info-section-title\"><span style=\"font-size: 14pt;\"><strong>NOTICE DE MONTAGE BINELLI N02<\/strong><\/span><\/h2>\n<div class=\"WncCi\" data-hook=\"info-section-description\">\n<p>EXTERNES : Hauteur : 1,35 m + 0,14 m (roues) | Largeur : 1,20 m + 0,20 m (poign\u00e9e) = 1,40 m | Profondeur : 0,70 m<br \/>\nINTERNES : Hauteur : 0,64 m | Largeur : 0,85 m utile (0,78 m + 0,35 foyer) | Profondeur : 0,60 m utile<\/p>\n<\/div>\n<\/div>\n","protected":false},"excerpt":{"rendered":"<p>Grille en morceaux \u00e9maill\u00e9s amovibles, avec protection sur les c\u00f4t\u00e9s et l&rsquo;arri\u00e8re en briques r\u00e9fractaires. Peinture cuite sur tube. <\/p>\n<p>Id\u00e9ale pour les \u00e9v\u00e9nements et les jardins. Bac \u00e0 graisse amovible. M\u00e9canisme de levage galvanis\u00e9, avec manivelle situ\u00e9e \u00e0 droite et un cliquet. Zone de feu incluse.  <\/p>\n<p>&nbsp;<\/p>\n<p>D\u00c9LAI DE FABRICATION : 15 JOURS OUVR\u00c9S APR\u00c8S COMMANDE<\/p>\n","protected":false},"featured_media":5331,"template":"","meta":{"_et_pb_use_builder":"","_et_pb_old_content":"","_et_gb_content_width":""},"product_brand":[],"product_cat":[233],"product_tag":[],"class_list":{"0":"post-8299","1":"product","2":"type-product","3":"status-publish","4":"has-post-thumbnail","6":"product_cat-barbecues-portatifs","7":"product_shipping_class-duomos-tromen-fr","9":"first","10":"onbackorder","11":"taxable","12":"shipping-taxable","13":"purchasable","14":"product-type-simple"},"_links":{"self":[{"href":"https:\/\/barbacoas-argentinas.com\/fr\/wp-json\/wp\/v2\/product\/8299","targetHints":{"allow":["GET"]}}],"collection":[{"href":"https:\/\/barbacoas-argentinas.com\/fr\/wp-json\/wp\/v2\/product"}],"about":[{"href":"https:\/\/barbacoas-argentinas.com\/fr\/wp-json\/wp\/v2\/types\/product"}],"wp:featuredmedia":[{"embeddable":true,"href":"https:\/\/barbacoas-argentinas.com\/fr\/wp-json\/wp\/v2\/media\/5331"}],"wp:attachment":[{"href":"https:\/\/barbacoas-argentinas.com\/fr\/wp-json\/wp\/v2\/media?parent=8299"}],"wp:term":[{"taxonomy":"product_brand","embeddable":true,"href":"https:\/\/barbacoas-argentinas.com\/fr\/wp-json\/wp\/v2\/product_brand?post=8299"},{"taxonomy":"product_cat","embeddable":true,"href":"https:\/\/barbacoas-argentinas.com\/fr\/wp-json\/wp\/v2\/product_cat?post=8299"},{"taxonomy":"product_tag","embeddable":true,"href":"https:\/\/barbacoas-argentinas.com\/fr\/wp-json\/wp\/v2\/product_tag?post=8299"}],"curies":[{"name":"wp","href":"https:\/\/api.w.org\/{rel}","templated":true}]}}

https://barbacoas-argentinas.com/non%20classé/grill-pro-85-avec-bucher-binelli/

Grill PRO 85 avec bûcher Binelli

<div class="_6s2bg fggS- cell">
<h2 class="Text3027143737__root Text3027143737---typography-11-runningText Text3027143737---priority-7-primary s8gg2 _149OH InfoSectionTitle3095652555__root" aria-hidden="false" data-hook="info-section-title"><span style="font-size: 14pt;"><strong>NOTICE DE MONTAGE BINELLI N02</strong></span></h2>
<div class="WncCi" data-hook="info-section-description">
<p>EXTERNES : Hauteur : 1,35 m + 0,14 m (roues) | Largeur : 1,20 m + 0,20 m (poignée) = 1,40 m | Profondeur : 0,70 m<br />
INTERNES : Hauteur : 0,64 m | Largeur : 0,85 m utile (0,78 m + 0,35 foyer) | Profondeur : 0,60 m utile</p>
</div>
</div>

<p>Grille en morceaux émaillés amovibles, avec protection sur les côtés et l&rsquo;arrière en briques réfractaires. Peinture cuite sur tube. </p>
<p>Idéale pour les événements et les jardins. Bac à graisse amovible. Mécanisme de levage galvanisé, avec manivelle située à droite et un cliquet. Zone de feu incluse.  </p>
<p>&nbsp;</p>
<p>DÉLAI DE FABRICATION : 15 JOURS OUVRÉS APRÈS COMMANDE</p>
