{"id":7496,"date":"2023-09-12T11:51:56","date_gmt":"2023-09-12T11:51:56","guid":{"rendered":"https:\/\/barbacoas-argentinas.com\/a-propos-de-nous\/"},"modified":"2025-05-27T08:32:36","modified_gmt":"2025-05-27T08:32:36","slug":"a-propos-de-nous","status":"publish","type":"page","link":"https:\/\/barbacoas-argentinas.com\/fr\/a-propos-de-nous\/","title":{"rendered":"A propos de nous"},"content":{"rendered":"<p>[et_pb_section fb_built=\u00a0\u00bb1&Prime; _builder_version=\u00a0\u00bb4.22.1&Prime; _module_preset=\u00a0\u00bbdefault\u00a0\u00bb global_colors_info=\u00a0\u00bb{}\u00a0\u00bb][et_pb_row _builder_version=\u00a0\u00bb4.22.1&Prime; _module_preset=\u00a0\u00bbdefault\u00a0\u00bb global_colors_info=\u00a0\u00bb{}\u00a0\u00bb][et_pb_column type=\u00a0\u00bb4_4&Prime; _builder_version=\u00a0\u00bb4.22.1&Prime; _module_preset=\u00a0\u00bbdefault\u00a0\u00bb global_colors_info=\u00a0\u00bb{}\u00a0\u00bb][et_pb_text _builder_version=\u00a0\u00bb4.22.1&Prime; _module_preset=\u00a0\u00bbdefault\u00a0\u00bb text_font=\u00a0\u00bb|800|||||||\u00a0\u00bb text_text_color=\u00a0\u00bb#00798E\u00a0\u00bb text_font_size=\u00a0\u00bb29px\u00a0\u00bb text_orientation=\u00a0\u00bbcenter\u00a0\u00bb global_colors_info=\u00a0\u00bb{}\u00a0\u00bb]Entreprise[\/et_pb_text][\/et_pb_column][\/et_pb_row][et_pb_row column_structure=\u00a0\u00bb3_5,2_5&Prime; _builder_version=\u00a0\u00bb4.22.1&Prime; _module_preset=\u00a0\u00bbdefault\u00a0\u00bb global_colors_info=\u00a0\u00bb{}\u00a0\u00bb][et_pb_column type=\u00a0\u00bb3_5&Prime; _builder_version=\u00a0\u00bb4.22.1&Prime; _module_preset=\u00a0\u00bbdefault\u00a0\u00bb global_colors_info=\u00a0\u00bb{}\u00a0\u00bb][et_pb_text _builder_version=\u00a0\u00bb4.22.1&Prime; _module_preset=\u00a0\u00bbdefault\u00a0\u00bb text_font=\u00a0\u00bb|700|||||||\u00a0\u00bb text_font_size=\u00a0\u00bb20px\u00a0\u00bb global_colors_info=\u00a0\u00bb{}\u00a0\u00bb]A propos de nous[\/et_pb_text][et_pb_text _builder_version=\u00a0\u00bb4.22.1&Prime; _module_preset=\u00a0\u00bbdefault\u00a0\u00bb text_orientation=\u00a0\u00bbjustified\u00a0\u00bb custom_margin=\u00a0\u00bb|12px||||\u00a0\u00bb custom_padding=\u00a0\u00bb|12px||||\u00a0\u00bb global_colors_info=\u00a0\u00bb{}\u00a0\u00bb]<\/p>\n<p>Barbacoas Argentinas est n\u00e9e en 2003 avec l&rsquo;id\u00e9e de pouvoir disposer en Europe, principalement en Espagne, des barbecues argentins qui \u00e9taient difficiles \u00e0 trouver. Les premiers grils ont \u00e9t\u00e9 apport\u00e9s par commande lors de nos voyages de vacances, jusqu&rsquo;\u00e0 ce qu&rsquo;un jour, cette ann\u00e9e-l\u00e0, nous nous disions : \u00ab\u00a0Pourquoi ne pas les importer et les vendre ?<\/p>\n<p>Les d\u00e9buts ont \u00e9t\u00e9 difficiles, mais nous n&rsquo;avons jamais abandonn\u00e9, nous avons commenc\u00e9 \u00e0 chercher quelqu&rsquo;un avec la possibilit\u00e9 d&rsquo;exporter.<\/p>\n<p>Ce n \u00ab \u00e9tait pas un travail facile, ce n \u00bb \u00e9tait pas un secteur caract\u00e9ris\u00e9 par l&rsquo;exportation, mais apr\u00e8s de nombreuses recherches, nous avons trouv\u00e9 une entreprise qui avait la capacit\u00e9 de le faire.<\/p>\n<p>C&rsquo;est ainsi que notre voyage a commenc\u00e9, apr\u00e8s plusieurs conteneurs, nous avons continu\u00e9 \u00e0 d\u00e9velopper des produits qui \u00e9taient n\u00e9cessaires en Europe, li\u00e9s au feu et aux grillades, et c&rsquo;est l\u00e0 que nous avons contact\u00e9 une entreprise avec beaucoup d&rsquo;exp\u00e9rience, Tromen, et nous avons commenc\u00e9 \u00e0 commercialiser d&rsquo;abord des fours et des cuisini\u00e8res, puis des grillades, en nous aidant de notre exp\u00e9rience des exigences europ\u00e9ennes pour perfectionner les produits.<\/p>\n<p>Nous avons import\u00e9 de plus en plus de conteneurs de diff\u00e9rents fabricants argentins, c&rsquo;est ainsi que nous avons rencontr\u00e9 Binelli et commenc\u00e9 une nouvelle ligne de grills au style moderne, de Mar del Plata \u00e0 l&rsquo;Europe.<\/p>\n<p>Notre entreprise continue de se d\u00e9velopper, devenant le plus grand importateur de grils en Argentine, atteignant des pays tels que le Royaume-Uni, l&rsquo;Allemagne, la France, l&rsquo;Italie et la Su\u00e8de.<\/p>\n<p>Nos fabricants, Binelli, Tromen, Jovifel et La Planchetta, continuent \u00e0 nous faire confiance pour atteindre le march\u00e9 europ\u00e9en et faire conna\u00eetre l&rsquo;art du feu argentin avec leurs produits.<\/p>\n<p>Depuis Calpe, sur la Costa Blanca espagnole, notre entreprise dessert toute l&rsquo;Europe, avec plus de 8 000 grils vendus au fil des ans. Tous ceux qui recherchent un gril argentin de qualit\u00e9 s&rsquo;adressent \u00e0 nous.<\/p>\n<\/p>\n<p>Barbacoas Argentinas, VOTRE BARBECUE ARGENTINE EN EUROPE.<\/p>\n<p>[\/et_pb_text][\/et_pb_column][et_pb_column type=\u00a0\u00bb2_5&Prime; _builder_version=\u00a0\u00bb4.22.1&Prime; _module_preset=\u00a0\u00bbdefault\u00a0\u00bb global_colors_info=\u00a0\u00bb{}\u00a0\u00bb][et_pb_image src=\u00a0\u00bbhttps:\/\/barbacoas-argentinas.com\/wp-content\/uploads\/2023\/09\/48074EB1-C3AF-4B18-A0DD-D2EAE30389B9-768&#215;1024.jpg\u00a0\u00bb alt=\u00a0\u00bbPr\u00e9-moul\u00e9-Binelli-No3-SU_3&Prime; title_text=\u00a0\u00bb48074EB1-C3AF-4B18-A0DD-D2EAE30389B9&Prime; _builder_version=\u00a0\u00bb4.22.1&Prime; _module_preset=\u00a0\u00bbdefault\u00a0\u00bb custom_margin=\u00a0\u00bb|||-65px||\u00a0\u00bb custom_padding=\u00a0\u00bb58px|||||\u00a0\u00bb global_colors_info=\u00a0\u00bb{}\u00a0\u00bb][\/et_pb_image][\/et_pb_column][\/et_pb_row][\/et_pb_section]<\/p>\n","protected":false},"excerpt":{"rendered":"<p>EntrepriseA propos de nousBarbacoas Argentinas est n\u00e9e en 2003 avec l&rsquo;id\u00e9e de pouvoir disposer en Europe, principalement en Espagne, des barbecues argentins qui \u00e9taient difficiles \u00e0 trouver. Les premiers grils ont \u00e9t\u00e9 apport\u00e9s par commande lors de nos voyages de vacances, jusqu&rsquo;\u00e0 ce qu&rsquo;un jour, cette ann\u00e9e-l\u00e0, nous nous disions : \u00ab\u00a0Pourquoi ne pas les [&hellip;]<\/p>\n","protected":false},"author":1,"featured_media":0,"parent":0,"menu_order":0,"comment_status":"closed","ping_status":"closed","template":"","meta":{"_et_pb_use_builder":"on","_et_pb_old_content":"","_et_gb_content_width":"","footnotes":""},"class_list":["post-7496","page","type-page","status-publish","hentry"],"_links":{"self":[{"href":"https:\/\/barbacoas-argentinas.com\/fr\/wp-json\/wp\/v2\/pages\/7496","targetHints":{"allow":["GET"]}}],"collection":[{"href":"https:\/\/barbacoas-argentinas.com\/fr\/wp-json\/wp\/v2\/pages"}],"about":[{"href":"https:\/\/barbacoas-argentinas.com\/fr\/wp-json\/wp\/v2\/types\/page"}],"author":[{"embeddable":true,"href":"https:\/\/barbacoas-argentinas.com\/fr\/wp-json\/wp\/v2\/users\/1"}],"replies":[{"embeddable":true,"href":"https:\/\/barbacoas-argentinas.com\/fr\/wp-json\/wp\/v2\/comments?post=7496"}],"version-history":[{"count":0,"href":"https:\/\/barbacoas-argentinas.com\/fr\/wp-json\/wp\/v2\/pages\/7496\/revisions"}],"wp:attachment":[{"href":"https:\/\/barbacoas-argentinas.com\/fr\/wp-json\/wp\/v2\/media?parent=7496"}],"curies":[{"name":"wp","href":"https:\/\/api.w.org\/{rel}","templated":true}]}}

<p>[et_pb_section fb_built= »1&Prime; _builder_version= »4.22.1&Prime; _module_preset= »default » global_colors_info= »{} »][et_pb_row _builder_version= »4.22.1&Prime; _module_preset= »default » global_colors_info= »{} »][et_pb_column type= »4_4&Prime; _builder_version= »4.22.1&Prime; _module_preset= »default » global_colors_info= »{} »][et_pb_text _builder_version= »4.22.1&Prime; _module_preset= »default » text_font= »|800||||||| » text_text_color= »#00798E » text_font_size= »29px » text_orientation= »center » global_colors_info= »{} »]Entreprise[/et_pb_text][/et_pb_column][/et_pb_row][et_pb_row column_structure= »3_5,2_5&Prime; _builder_version= »4.22.1&Prime; _module_preset= »default » global_colors_info= »{} »][et_pb_column type= »3_5&Prime; _builder_version= »4.22.1&Prime; _module_preset= »default » global_colors_info= »{} »][et_pb_text _builder_version= »4.22.1&Prime; _module_preset= »default » text_font= »|700||||||| » text_font_size= »20px » global_colors_info= »{} »]A propos de nous[/et_pb_text][et_pb_text _builder_version= »4.22.1&Prime; _module_preset= »default » text_orientation= »justified » custom_margin= »|12px|||| » custom_padding= »|12px|||| » global_colors_info= »{} »]</p>
<p>Barbacoas Argentinas est née en 2003 avec l&rsquo;idée de pouvoir disposer en Europe, principalement en Espagne, des barbecues argentins qui étaient difficiles à trouver. Les premiers grils ont été apportés par commande lors de nos voyages de vacances, jusqu&rsquo;à ce qu&rsquo;un jour, cette année-là, nous nous disions : « Pourquoi ne pas les importer et les vendre ?</p>
<p>Les débuts ont été difficiles, mais nous n&rsquo;avons jamais abandonné, nous avons commencé à chercher quelqu&rsquo;un avec la possibilité d&rsquo;exporter.</p>
<p>Ce n « était pas un travail facile, ce n » était pas un secteur caractérisé par l&rsquo;exportation, mais après de nombreuses recherches, nous avons trouvé une entreprise qui avait la capacité de le faire.</p>
<p>C&rsquo;est ainsi que notre voyage a commencé, après plusieurs conteneurs, nous avons continué à développer des produits qui étaient nécessaires en Europe, liés au feu et aux grillades, et c&rsquo;est là que nous avons contacté une entreprise avec beaucoup d&rsquo;expérience, Tromen, et nous avons commencé à commercialiser d&rsquo;abord des fours et des cuisinières, puis des grillades, en nous aidant de notre expérience des exigences européennes pour perfectionner les produits.</p>
<p>Nous avons importé de plus en plus de conteneurs de différents fabricants argentins, c&rsquo;est ainsi que nous avons rencontré Binelli et commencé une nouvelle ligne de grills au style moderne, de Mar del Plata à l&rsquo;Europe.</p>
<p>Notre entreprise continue de se développer, devenant le plus grand importateur de grils en Argentine, atteignant des pays tels que le Royaume-Uni, l&rsquo;Allemagne, la France, l&rsquo;Italie et la Suède.</p>
<p>Nos fabricants, Binelli, Tromen, Jovifel et La Planchetta, continuent à nous faire confiance pour atteindre le marché européen et faire connaître l&rsquo;art du feu argentin avec leurs produits.</p>
<p>Depuis Calpe, sur la Costa Blanca espagnole, notre entreprise dessert toute l&rsquo;Europe, avec plus de 8 000 grils vendus au fil des ans. Tous ceux qui recherchent un gril argentin de qualité s&rsquo;adressent à nous.</p>
</p>
<p>Barbacoas Argentinas, VOTRE BARBECUE ARGENTINE EN EUROPE.</p>
<p>[/et_pb_text][/et_pb_column][et_pb_column type= »2_5&Prime; _builder_version= »4.22.1&Prime; _module_preset= »default » global_colors_info= »{} »][et_pb_image src= »https://barbacoas-argentinas.com/wp-content/uploads/2023/09/48074EB1-C3AF-4B18-A0DD-D2EAE30389B9-768&#215;1024.jpg » alt= »Pré-moulé-Binelli-No3-SU_3&Prime; title_text= »48074EB1-C3AF-4B18-A0DD-D2EAE30389B9&Prime; _builder_version= »4.22.1&Prime; _module_preset= »default » custom_margin= »|||-65px|| » custom_padding= »58px||||| » global_colors_info= »{} »][/et_pb_image][/et_pb_column][/et_pb_row][/et_pb_section]</p>

<p>EntrepriseA propos de nousBarbacoas Argentinas est née en 2003 avec l&rsquo;idée de pouvoir disposer en Europe, principalement en Espagne, des barbecues argentins qui étaient difficiles à trouver. Les premiers grils ont été apportés par commande lors de nos voyages de vacances, jusqu&rsquo;à ce qu&rsquo;un jour, cette année-là, nous nous disions : « Pourquoi ne pas les [&hellip;]</p>
